vided by 8305?
13
Calculate the remainder when 4921 is divided by 2108.
705
Calculate the remainder when 217355 is divided by 4.
3
What is the remainder when 4131 is divided by 148?
135
Calculate the remainder when 1629074 is divided by 203.
202
Calculate the remainder when 3125 is divided by 5.
0
What is the remainder when 22002 is divided by 669?
594
What is the remainder when 1183942 is divided by 45?
37
Calculate the remainder when 226 is divided by 54.
10
What is the remainder when 5295 is divided by 2110?
1075
Calculate the remainder when 23079 is divided by 74.
65
Calculate the remainder when 11152 is divided by 2740.
192
Calculate the remainder when 5210 is divided by 128.
90
What is the remainder when 6103 is divided by 24?
7
What is the remainder when 400428 is divided by 26695?
3
Calculate the remainder when 772 is divided by 696.
76
Calculate the remainder when 8040 is divided by 49.
4
Calculate the remainder when 16493 is divided by 266.
1
What is the remainder when 22232 is divided by 331?
55
What is the remainder when 887 is divided by 400?
87
What is the remainder when 955 is divided by 938?
17
What is the remainder when 31121 is divided by 21?
20
What is the remainder when 1173453 is divided by 843?
840
Calculate the remainder when 872 is divided by 79.
3
Calculate the remainder when 13963 is divided by 4510.
433
Calculate the remainder when 2081 is divided by 96.
65
What is the remainder when 2508 is divided by 267?
105
What is the remainder when 2575 is divided by 234?
1
What is the remainder when 1648348 is divided by 225?
223
Calculate the remainder when 1137270 is divided by 379086.
12
What is the remainder when 2483 is divided by 732?
287
Calculate the remainder when 2946 is divided by 90.
66
Calculate the remainder when 45823 is divided by 589.
470
Calculate the remainder when 74625 is divided by 231.
12
What is the remainder when 3182 is divided by 1582?
18
What is the remainder when 48757 is divided by 78?
7
Calculate the remainder when 28862 is divided by 82.
80
What is the remainder when 3726755 is divided by 217?
214
Calculate the remainder when 424463 is divided by 478.
477
What is the remainder when 3887 is divided by 3850?
37
What is the remainder when 75941 is divided by 44?
41
What is the remainder when 55543 is divided by 156?
7
What is the remainder when 4282 is divided by 265?
42
What is the remainder when 2472 is divided by 140?
92
What is the remainder when 51787 is divided by 107?
106
What is the remainder when 13845 is divided by 6?
3
Calculate the remainder when 87492 is divided by 100.
92
What is the remainder when 54360 is divided by 1326?
1320
Calculate the remainder when 41335 is divided by 4568.
223
What is the remainder when 24172 is divided by 63?
43
Calculate the remainder when 13409 is divided by 514.
45
What is the remainder when 1374557 is divided by 5?
2
What is the remainder when 471018 is divided by 793?
769
What is the remainder when 24424 is divided by 610?
24
Calculate the remainder when 785456 is divided by 261817.
5
Calculate the remainder when 219892 is divided by 13.
10
What is the remainder when 9968719 is divided by 10?
9
What is the remainder when 7741 is divided by 141?
127
Calculate the remainder when 3004 is divided by 96.
28
What is the remainder when 51238 is divided by 2560?
38
Calculate the remainder when 17963 is divided by 122.
29
Calculate the remainder when 141367 is divided by 1386.
1381
Calculate the remainder when 1814 is divided by 398.
222
Calculate the remainder when 1119031 is divided by 67.
64
Calculate the remainder when 4105 is divided by 293.
3
What is the remainder when 1150863 is divided by 26?
25
What is the remainder when 30991 is divided by 63?
58
What is the remainder when 679 is divided by 183?
130
What is the remainder when 59078 is divided by 258?
254
Calculate the remainder when 2948 is divided by 155.
3
What is the remainder when 10381 is divided by 1481?
14
Calculate the remainder when 7238 is divided by 1185.
128
Calculate the remainder when 212239 is divided by 14.
13
Calculate the remainder when 8525 is divided by 18.
11
Calculate the remainder when 101386 is divided by 118.
24
Calculate the remainder when 1565 is divided by 302.
55
What is the remainder when 9100 is divided by 2995?
115
Calculate the remainder when 103683 is divided by 165.
63
Calculate the remainder when 25120 is divided by 1005.
1000
Calculate the remainder when 278 is divided by 7.
5
Calculate the remainder when 125364 is divided by 62672.
20
Calculate the remainder when 18780 is divided by 124.
56
What is the remainder when 3810 is divided by 120?
90
What is the remainder when 35541 is divided by 122?
39
What is the remainder when 79792 is divided by 341?
339
What is the remainder when 472930 is divided by 17?
7
Calculate the remainder when 1065 is divided by 22.
9
Calculate the remainder when 3888 is divided by 3880.
8
Calculate the remainder when 39481 is divided by 30.
1
Calculate the remainder when 8234 is divided by 39.
5
Calculate the remainder when 3646 is divided by 202.
10
What is the remainder when 2858 is divided by 53?
49
What is the remainder when 11148 is divided by 343?
172
Calculate the remainder when 58239 is divided by 19408.
15
What is the remainder when 6528 is divided by 156?
132
Calculate the remainder when 14086 is divided by 454.
12
What is the remainder when 505732 is divided by 31?
29
What is the remainder when 105209 is divided by 27?
17
What is the remainder when 47249 is divided by 164?
17
Calculate the remainder when 388700 is divided by 53.
51
What is the remainder when 2515 is divided by 7?
2
What is the remainder when 640 is divided by 46?
42
Calculate the remainder when 14425 is divided by 119.
26
What is the remainder when 2569 is divided by 18?
13
Calculate the remainder when 9899 is divided by 48.
11
Calculate the remainder when 413 is divided by 44.
17
Calculate the remainder when 49984 is divided by 136.
72
Calculate the remainder when 75409 is divided by 37590.
229
Calculate the remainder when 21138 is divided by 10172.
794
Calculate the remainder when 123647 is divided by 92.
91
Calculate the remainder when 733827 is divided by 51.
39
Calculate the remainder when 1109 is divided by 554.
1
What is the remainder when 8198 is divided by 185?
58
What is the remainder when 1675 is divided by 79?
16
What is the remainder when 6183 is divided by 6115?
68
What is the remainder when 105436 is divided by 21087?
1
Calculate the remainder when 26562 is divided by 26450.
112
What is the remainder when 190165 is divided by 49?
45
Calculate the remainder when 10172 is divided by 134.
122
Calculate the remainder when 18958 is divided by 240.
238
Calculate the remainder when 7889 is divided by 2357.
818
What is the remainder when 12585 is divided by 206?
19
Calculate the remainder when 1088358 is divided by 230.
228
What is the remainder when 7039628 is divided by 27?
26
What is the remainder when 20399 is divided by 100?
99
Calculate the remainder when 4030 is divided by 666.
34
Calculate the remainder when 121199 is divided by 10.
9
Calculate the remainder when 9367 is divided by 199.
14
Calculate the remainder when 1379 is divided by 685.
9
Calculate the remainder when 392111 is divided by 168.
167
What is the remainder when 5594289 is divided by 132?
129
Calculate the remainder when 442419 is divided by 110598.
27
Calculate the remainder when 34488 is divided by 277.
140
What is the remainder when 10934 is divided by 774?
98
Calculate the remainder when 8276 is divided by 8033.
243
Calculate the remainder when 401441 is divided by 209.
161
What is the remainder when 45835 is divided by 22911?
13
What is the remainder when 14337 is divided by 14329?
8
What is the remainder when 10469 is divided by 522?
29
Calculate the remainder when 6981 is divided by 2325.
6
Calculate the remainder when 35726 is divided by 76.
6
Calculate the remainder when 310644 is divided by 116.
112
Calculate the remainder when 3988 is divided by 3975.
13
Calculate the remainder when 6603 is divided by 11.
3
What is the remainder when 106146 is divided by 238?
236
Calculate the remainder when 153087 is divided by 126.
123
Calculate the remainder when 6553 is divided 